{"id":685,"date":"2020-01-19T17:06:58","date_gmt":"2020-01-19T16:06:58","guid":{"rendered":"http:\/\/laboiteacoucou.fr\/?page_id=685"},"modified":"2020-01-19T17:13:42","modified_gmt":"2020-01-19T16:13:42","slug":"qui-sommes-nous","status":"publish","type":"page","link":"https:\/\/laboiteacoucou.fr\/?page_id=685","title":{"rendered":"Qui sommes nous ?"},"content":{"rendered":"\t\t<div data-elementor-type=\"wp-page\" data-elementor-id=\"685\" class=\"elementor elementor-685\">\n\t\t\t\t\t\t<div class=\"elementor-inner\">\n\t\t\t\t<div class=\"elementor-section-wrap\">\n\t\t\t\t\t\t\t\t\t<section class=\"elementor-section elementor-top-section elementor-element elementor-element-1729fff0 elementor-section-boxed elementor-section-height-default elementor-section-height-default\" data-id=\"1729fff0\" data-element_type=\"section\">\n\t\t\t\t\t\t<div class=\"elementor-container elementor-column-gap-default\">\n\t\t\t\t\t\t\t<div class=\"elementor-row\">\n\t\t\t\t\t<div class=\"elementor-column elementor-col-100 elementor-top-column elementor-element elementor-element-75dcdeb2\" data-id=\"75dcdeb2\" data-element_type=\"column\">\n\t\t\t<div class=\"elementor-column-wrap elementor-element-populated\">\n\t\t\t\t\t\t\t<div class=\"elementor-widget-wrap\">\n\t\t\t\t\t\t<div class=\"elementor-element elementor-element-20d207e elementor-widget elementor-widget-text-editor\" data-id=\"20d207e\" data-element_type=\"widget\" data-widget_type=\"text-editor.default\">\n\t\t\t\t<div class=\"elementor-widget-container\">\n\t\t\t\t\t\t\t\t<div class=\"elementor-text-editor elementor-clearfix\">\n\t\t\t\t<p><!-- wp:heading --><\/p>\n<p><!-- \/wp:heading --><!-- wp:paragraph --><\/p>\n<p>La Bo\u00eete \u00e0 Coucou est un service propos\u00e9 par Courte \u00c9chelle, agence hybride de d\u00e9veloppement et de valorisation des territoires par la culture, le patrimoine et le tourisme.<\/p>\n<p>Cr\u00e9\u00e9e en 2013 Courte \u00c9chelle, fait partie de la Coop\u00e9rative d&rsquo;activit\u00e9 et d\u00a0\u00bbemploi SCIC Pau Pyr\u00e9n\u00e9es.<\/p>\n<p>Entreprise de l&rsquo;\u00e9conomie sociale et solidaire, elle propose ses services d&rsquo;ing\u00e9nierie et de m\u00e9diation aux collectivit\u00e9s, entreprises et associations via un bureau d&rsquo;\u00e9tude et une agence cr\u00e9ative.<\/p>\n<p>Vous souhaitez en savoir davantage? Cliquez sur le lien en dessous (site en construction)<\/p>\n<p><!-- \/wp:paragraph --><\/p>\t\t\t\t\t<\/div>\n\t\t\t\t\t\t<\/div>\n\t\t\t\t<\/div>\n\t\t\t\t<div class=\"elementor-element elementor-element-ccd65b4 elementor-align-center elementor-widget elementor-widget-button\" data-id=\"ccd65b4\" data-element_type=\"widget\" data-widget_type=\"button.default\">\n\t\t\t\t<div class=\"elementor-widget-container\">\n\t\t\t\t\t<div class=\"elementor-button-wrapper\">\n\t\t\t<a href=\"https:\/\/courte-echelle.org\" target=\"_blank\" class=\"elementor-button-link elementor-button elementor-size-sm\" role=\"button\">\n\t\t\t\t\t\t<span class=\"elementor-button-content-wrapper\">\n\t\t\t\t\t\t<span class=\"elementor-button-text\">Courte \u00c9chelle<\/span>\n\t\t<\/span>\n\t\t\t\t\t<\/a>\n\t\t<\/div>\n\t\t\t\t<\/div>\n\t\t\t\t<\/div>\n\t\t\t\t<div class=\"elementor-element elementor-element-8eb5a3c elementor-widget elementor-widget-image-carousel\" data-id=\"8eb5a3c\" data-element_type=\"widget\" data-settings=\"{&quot;slides_to_show&quot;:&quot;4&quot;,&quot;navigation&quot;:&quot;none&quot;,&quot;autoplay&quot;:&quot;yes&quot;,&quot;pause_on_hover&quot;:&quot;yes&quot;,&quot;pause_on_interaction&quot;:&quot;yes&quot;,&quot;autoplay_speed&quot;:5000,&quot;infinite&quot;:&quot;yes&quot;,&quot;speed&quot;:500}\" data-widget_type=\"image-carousel.default\">\n\t\t\t\t<div class=\"elementor-widget-container\">\n\t\t\t\t\t<div class=\"elementor-image-carousel-wrapper swiper-container\" dir=\"ltr\">\n\t\t\t<div class=\"elementor-image-carousel swiper-wrapper\">\n\t\t\t\t\t\t\t\t<div class=\"swiper-slide\"><figure class=\"swiper-slide-inner\"><img class=\"swiper-slide-image\" src=\"https:\/\/laboiteacoucou.fr\/wp-content\/uploads\/2020\/01\/20190922041115.jpg\" alt=\"20190922041115\" \/><\/figure><\/div><div class=\"swiper-slide\"><figure class=\"swiper-slide-inner\"><img class=\"swiper-slide-image\" src=\"https:\/\/laboiteacoucou.fr\/wp-content\/uploads\/2020\/01\/20190601191249-4.jpg\" alt=\"20190601191249-4\" \/><\/figure><\/div><div class=\"swiper-slide\"><figure class=\"swiper-slide-inner\"><img class=\"swiper-slide-image\" src=\"https:\/\/laboiteacoucou.fr\/wp-content\/uploads\/2020\/01\/20190629093717.jpg\" alt=\"20190629093717\" \/><\/figure><\/div><div class=\"swiper-slide\"><figure class=\"swiper-slide-inner\"><img class=\"swiper-slide-image\" src=\"https:\/\/laboiteacoucou.fr\/wp-content\/uploads\/2020\/01\/20190720134559-2-1.jpg\" alt=\"20190720134559-2 (1)\" \/><\/figure><\/div><div class=\"swiper-slide\"><figure class=\"swiper-slide-inner\"><img class=\"swiper-slide-image\" src=\"https:\/\/laboiteacoucou.fr\/wp-content\/uploads\/2020\/01\/20190720135721-1.jpg\" alt=\"20190720135721\" \/><\/figure><\/div><div class=\"swiper-slide\"><figure class=\"swiper-slide-inner\"><img class=\"swiper-slide-image\" src=\"https:\/\/laboiteacoucou.fr\/wp-content\/uploads\/2020\/01\/20190720202805.jpg\" alt=\"20190720202805\" \/><\/figure><\/div><div class=\"swiper-slide\"><figure class=\"swiper-slide-inner\"><img class=\"swiper-slide-image\" src=\"https:\/\/laboiteacoucou.fr\/wp-content\/uploads\/2020\/01\/20190914213212-1.jpg\" alt=\"20190914213212\" \/><\/figure><\/div><div class=\"swiper-slide\"><figure class=\"swiper-slide-inner\"><img class=\"swiper-slide-image\" src=\"https:\/\/laboiteacoucou.fr\/wp-content\/uploads\/2020\/01\/20190920003125-1.jpg\" alt=\"20190920003125\" \/><\/figure><\/div><div class=\"swiper-slide\"><figure class=\"swiper-slide-inner\"><img class=\"swiper-slide-image\" src=\"https:\/\/laboiteacoucou.fr\/wp-content\/uploads\/2020\/01\/20190921193636.jpg\" alt=\"20190921193636\" \/><\/figure><\/div><div class=\"swiper-slide\"><figure class=\"swiper-slide-inner\"><img class=\"swiper-slide-image\" src=\"https:\/\/laboiteacoucou.fr\/wp-content\/uploads\/2020\/01\/20190704183857.jpg\" alt=\"20190704183857\" \/><\/figure><\/div><div class=\"swiper-slide\"><figure class=\"swiper-slide-inner\"><img class=\"swiper-slide-image\" src=\"https:\/\/laboiteacoucou.fr\/wp-content\/uploads\/2020\/01\/20190515145114.jpg\" alt=\"20190515145114\" \/><\/figure><\/div>\t\t\t<\/div>\n\t\t\t\t\t\t\t\t\t\t\t\t\t\t\t\t<\/div>\n\t\t\t\t<\/div>\n\t\t\t\t<\/div>\n\t\t\t\t\t\t<\/div>\n\t\t\t\t\t<\/div>\n\t\t<\/div>\n\t\t\t\t\t\t\t\t<\/div>\n\t\t\t\t\t<\/div>\n\t\t<\/section>\n\t\t\t\t\t\t\t\t\t<\/div>\n\t\t\t<\/div>\n\t\t\t\t\t<\/div>\n\t\t","protected":false},"excerpt":{"rendered":"<p>La Bo\u00eete \u00e0 Coucou est un service propos\u00e9 par Courte \u00c9chelle, agence hybride de d\u00e9veloppement et de valorisation des territoires par la culture, le patrimoine et le tourisme. Cr\u00e9\u00e9e en 2013 Courte \u00c9chelle, fait partie de la Coop\u00e9rative d&rsquo;activit\u00e9 et d\u00a0\u00bbemploi SCIC Pau Pyr\u00e9n\u00e9es. Entreprise de l&rsquo;\u00e9conomie sociale et solidaire, elle propose ses services d&rsquo;ing\u00e9nierie&hellip;<\/p>\n","protected":false},"author":1,"featured_media":620,"parent":0,"menu_order":0,"comment_status":"closed","ping_status":"closed","template":"","meta":[],"_links":{"self":[{"href":"https:\/\/laboiteacoucou.fr\/index.php?rest_route=\/wp\/v2\/pages\/685"}],"collection":[{"href":"https:\/\/laboiteacoucou.fr\/index.php?rest_route=\/wp\/v2\/pages"}],"about":[{"href":"https:\/\/laboiteacoucou.fr\/index.php?rest_route=\/wp\/v2\/types\/page"}],"author":[{"embeddable":true,"href":"https:\/\/laboiteacoucou.fr\/index.php?rest_route=\/wp\/v2\/users\/1"}],"replies":[{"embeddable":true,"href":"https:\/\/laboiteacoucou.fr\/index.php?rest_route=%2Fwp%2Fv2%2Fcomments&post=685"}],"version-history":[{"count":6,"href":"https:\/\/laboiteacoucou.fr\/index.php?rest_route=\/wp\/v2\/pages\/685\/revisions"}],"predecessor-version":[{"id":692,"href":"https:\/\/laboiteacoucou.fr\/index.php?rest_route=\/wp\/v2\/pages\/685\/revisions\/692"}],"wp:featuredmedia":[{"embeddable":true,"href":"https:\/\/laboiteacoucou.fr\/index.php?rest_route=\/wp\/v2\/media\/620"}],"wp:attachment":[{"href":"https:\/\/laboiteacoucou.fr\/index.php?rest_route=%2Fwp%2Fv2%2Fmedia&parent=685"}],"curies":[{"name":"wp","href":"https:\/\/api.w.org\/{rel}","templated":true}]}}